*2 - 6*d + 4. Let q be o(6). Let x be (-26)/3 + (q/6)/1. Let w(g) = g**2 + 8*g - 1. What is w(x)?
-1
Let i(z) = 9*z**2 - 10*z + 28. Let y be i(4). Let p = 137 - y. Let k(d) = -d**3 + 5*d**2 - 6. Give k(p).
-6
Suppose 4*b + m = 4, -8*b + 13*b + 3*m - 12 = 0. Let o(q) be the second derivative of b + 2*q**2 - 8*q - 1/3*q**3 - 1/20*q**5 + 1/3*q**4. Give o(3).
7
Let m(l) be the second derivative of l**4/12 + 4*l**3/3 + 2*l**2 + 87*l - 1. Determine m(-7).
-3
Suppose 3*u - 62 = -2*y, y = 5*y + 5*u - 122. Let o(s) = -29 + y - 2*s**2 - s + 0*s + 3*s + 3*s**3. What is o(1)?
2
Let t(f) = 2*f + 15. Suppose 0 = -9*i - 290 + 245. Calculate t(i).
5
Let h(r) = -7*r**3 - 2*r**2 - 5*r + 21. Let j(n) = 4*n**3 + n**2 + 3*n - 11. Let p(k) = 3*h(k) + 5*j(k). Let d(i) = -87*i - 435. Let f be d(-5). What is p(f)?
8
Let z(o) = 5*o - 15. Let s be z(9). Suppose 19 = 6*l - 3*l - 2*g, 5*l - 5*g = s. Suppose -l*m + 10*m = 0. Let a(i) = i**3 + i**2 + i + 2. What is a(m)?
2
Let v(h) = -3*h + 2 - 3*h - 2*h + 7*h. Give v(-5).
7
Let n(c) = c**3 - 3*c**2 + 7*c - 7. Let a(f) = 3*f**3 - 5*f**2 + 15*f - 14. Let r(j) = 2*a(j) - 5*n(j). Suppose 3*y = -16 - 2. Give r(y).
1
Let m be (3/2)/((-1)/(-2)). Let v(o) = -o + 4. Let x(d) = -2*d + 8. Let a(w) = 5*v(w) - 2*x(w). Let j be a(m). Let l(n) = -3*n - 1. Determine l(j).
-4
Let p(h) be the third derivative of 0 + 33*h**2 + 0*h - 5/24*h**4 - 7/6*h**3 + 1/60*h**5. Let d be 20/3 + (-2)/3. Calculate p(d).
-1
Let r(y) = y + 1. Suppose -3*s = h - 16 - 8, -5*s + 4*h + 23 = 0. Calculate r(s).
8
Let s = -17 + 20. Suppose 0 = s*y - 4*y. Suppose 4*f - 20 = y, -3*a + 0*f = 4*f - 17. Let p(h) = 7*h**2 - 2*h - 1. Determine p(a).
8
Let v(i) be the second derivative of -i**4/12 - i**3/2 - 3*i**2/2 - 12*i + 1. Suppose -5*z - c = 15, -3*z + 0*z - 31 = 5*c. Determine v(z).
-1
Let p(r) = r - 2. Let i(a) be the third derivative of -a**5/60 + 3*a**4/8 - 10*a**3/3 - 7*a**2. Let s be i(5). What is p(s)?
-2
Let m(u) = -5*u**2 + 119*u + 14. Let j(g) = -13*g**2 + 314*g + 41. Let h(a) = 3*j(a) - 8*m(a). Let z(k) = k**2. Let q be z(-3). Give h(q).
2
Let m(j) = 3*j - 4. Let k(o) = 6*o - 6. Let i(c) = -6*k(c) + 11*m(c). Let d(y) = -2*y - 7. Let s(v) = -5*d(v) + 4*i(v). What is s(-3)?
9
Let a(h) be the second derivative of -47*h**5/20 - h**2/2 - 5*h + 15. Calculate a(-1).
46
Suppose -11*o + 9*o - 8 = -f, 5*f + 20 = 0. Let u(z) = z**2 + 7*z + 5. What is u(o)?
-1
Let x(i) = 3*i + 3. Suppose 61 = 7*q + 75. Determine x(q).
-3
Let p(u) = -u**2 + 8*u + 2. Suppose 0 = 234*r - 243*r + 72. Give p(r).
2
Suppose 5*p - 2*f - 27 = 0, -4*f + 0*f = 2*p - 6. Let q(s) = s**2 - 2*s**2 + 3 + p*s - 9 + 0*s**2. Calculate q(5).
-6
Suppose 0*q - 4*q - 16 = 0, 14 = 3*m + q. Let x = 10 - 8. Let y(d) = d - 2*d**2 + 7*d**x + 6*d - d**3. Determine y(m).
6
Let p(v) = -11*v**2 - 15*v + 1. Let i(d) = -6*d**2 - 9*d. Let f(m) = -5*i(m) + 3*p(m). Calculate f(-2).
-9
Let q(z) = z**3 + z**2 - 2*z. Let m(g) = -3*g**3 - g**2 + 11*g + 3. Let i(c) = -m(c) - 4*q(c). Let b = 5 - 8. Calculate i(b).
6
Let d(g) = -g**2 - 17*g + 1. Let u(c) = c**3 + 28*c**2 + 184*c + 23. Let p be u(-10). Determine d(p).
1
Let c be ((-22)/4)/(6/(-12)). Suppose 77 = -0*g - c*g. Let i(h) be the first derivative of -h**4/4 - 7*h**3/3 - h**2/2 - 5*h + 1. What is i(g)?
2
Let t(s) = -s + 17. Let b be t(12). Let d(h) = 3*h - 7. Give d(b).
8
Let h(f) = f**3 + f**2 - 1. Let k(g) = 2*g**3 + 3*g**2 - 57. Let b(o) = -3*h(o) + k(o). Give b(0).
-54
Let h(z) = -z**2 + 0*z**2 - 5*z**2 + 9*z**2 + 11 - 2*z**2 - 6*z. Give h(4).
3
Let s(q) be the third derivative of -1/3*q**4 - 1/6*q**3 + 10*q**2 + 0 + 0*q. What is s(-1)?
7
Let z = -49 + 48. Let g(t) be the third derivative of -1/6*t**3 + 1/8*t**4 + 0 + 0*t - 2*t**2. Determine g(z).
-4
Suppose -6*z + 5*z = 0. Suppose -4 = -4*v - 2*g, z*v + 2*g = 4*v - 20. Suppose -o + 5*y - 21 = 0, 0*o + 2*y - 11 = v*o. Let t(u) = -2*u - 1. Give t(o).
1
Let a(l) = -l + 1. Let n(s) = -5*s + 12. Let u(j) = -6*a(j) + n(j). Determine u(3).
9
Let r be (-16)/(-14) - 1014/(-546). Let i(c) = 2*c**2 + c - 1. Give i(r).
20
Let j(i) = -59*i - 584. Let g be j(-10). Let a(t) = 5*t**2 - 29*t - 1. Determine a(g).
5
Let g(f) = -43 - 59 - 33 + 3*f + 90. Calculate g(18).
9
Let k(g) = -14*g - 40*g + 56*g - 26. Give k(16).
6
Let b(x) be the second derivative of -4*x**2 - 1/6*x**3 - 24*x + 0. Calculate b(0).
-8
Suppose g = -2*g. Let c(v) = -59*v + 5 + 125*v + 4 - 65*v. Give c(g).
9
Let l(r) = 12*r - 78. Let y be l(6). Let p(w) = 2*w**2 + 9*w + 7. Determine p(y).
25
Let d(c) be the third derivative of c**7/70 + c**6/360 + 14*c**3/3 - 20*c**2. Let v(m) be the first derivative of d(m). What is v(1)?
13
Let b(z) = -z**2 - 6*z - 5. Let h be 3*(-3 + 70/(-3)). Let u = 75 + h. Calculate b(u).
3
Let a(u) = -7*u**2 - 2*u - 2. Let h(l) = 4*l**3 + 17*l**2 + 5*l + 3. Let v be h(-4). Calculate a(v).
-7
Let p(i) = -17 + 36 + i + 2*i. What is p(-7)?
-2
Let a(y) = 13*y**3 + 66*y**2 + 6*y - 1. Let h(i) = 2*i**3 + 10*i**2. Let m(q) = a(q) - 7*h(q). Let x = -5 + 7. Suppose 0 = -7*o + x*o - 25. What is m(o)?
-6
Let r(t) = -31*t + 51. Let h(g) = 6*g - 10. Let k(f) = -11*h(f) - 2*r(f). Let u(i) = 5*i**3 + 489*i**2 - 101*i - 288. Let y be u(-98). What is k(y)?
-16
Let p(r) = 4*r - 1. Suppose -44*f + 1 = -45*f. Determine p(f).
-5
Let m(k) = -k**3 - 4*k**2 + k + 2. Let l be (-2)/(-4)*(-8)/(-2 + 4). What is m(l)?
-8
Let w = 1 + -9. Let f be 2 + (-5)/(-10)*w. Let b(m) = -3*m. Calculate b(f).
6
Let q(s) = -70*s - 1 + 29*s + 44*s. What is q(0)?
-1
Let x(d) be the first derivative of 21*d**2/2 + 4*d + 101. What is x(3)?
67
Let g(v) be the third derivative of v**5/30 + v**4/8 - 2*v**3/3 - 7*v**2 + 7. Calculate g(-4).
16
Let b(v) be the third derivative of -v**6/120 - v**5/6 - 3*v**4/8 - 2*v**3 - 118*v**2. What is b(-9)?
-12
Let j = -726 + 732. Let y(h) = -h**3 + 5*h**2 + 9*h + 1. Let n(v) = -v - 1. Let s(b) = -2*n(b) - y(b). Give s(j).
-5
Let n(g) = -23*g - 10. Suppose 10*a - 60 = -10. Let l(m) = -126*m - 54. Let k(c) = a*l(c) - 27*n(c). Give k(1).
-9
Let c(p) be the third derivative of -p**4/4 - p**3/3 - p**2 + 19. Determine c(-4).
22
Let r(h) be the first derivative of -h**2/2 - h + 76. Calculate r(7).
-8
Let i be (7/7 - 2)*-15. Let a(p) = -p**2 + 7*p - 8. Let o be a(8). Let d = o + i. Let c(x) = x + 1. Determine c(d).
0
Let o(z) = -z**3 - 7*z**2 + z + 4. Suppose -336 = -67*u + 109*u. Give o(u).
60
Suppose 12 = 3*w - 3*p - 12, w = 5*p + 12. Let j(g) = -g**2 + 7*g + 27. Let q(h) = -h**2 + 7*h + 33. Let k(o) = 5*j(o) - 4*q(o). Determine k(w).
3
Let u(b) = -20*b + 28. Let g(f) = -f. Let z(i) = 24*g(i) - u(i). Determine z(-9).
8
Let j be 1 - (8/(-2) - -2). Suppose 9 = j*b - 0. Let k(t) = -9 + 6*t**2 - b*t**2 + 3*t + 3*t**2 - t**3. Calculate k(6).
9
Let n(q) = -6*q + 1. Let w be (5 + -2 - 5) + 4. Suppose 3*s + w*s = 0. Suppose s = 3*j - 6 + 3. Calculate n(j).
-5
Let i(h) = h - 15. Let y = -139 + 139. What is i(y)?
-15
Suppose -6*k = 2*k + 400. Let t = k + 71. Suppose -12 = -3*a - t. Let y(z) = z**2 + z - 2. Calculate y(a).
4
Suppose 18*o + 0*o + 468 = 0. Let g be ((-5)/(-4))/(o/(-8) + -3). Let i(s) = 3*s + 9. Let a(m) = m + 1. Let j(z) = 4*a(z) - i(z). What is j(g)?
0
Let f(w) = -w**3 - 4*w**2 - 3*w + 1. Let j(b) = 3*b**2 - 2*b + 2. Let c be j(1). Suppose -2*m + c = 9. What is f(m)?
1
Let g(l) be the second derivative of l**5/20 + l**4/3 - l**3/3 - 5*l**2/2 - 6*l - 2. Determine g(-4).
3
Suppose -13 = -2*a + a. Suppose 3*l - 15 = 0, -4*r + a = 2*l - l. Let n(u) = -u**3 + 2*u**2 + 2*u - 3. Give n(r).
1
Let x(o) = -3*o**3 - 2*o + 1. Let u(g) = -g + 7. Let w be u(4). Let f be ((-2)/8)/(4/(-48)*w). Determine x(f).
-4
Let h(p) = -2*p + p - 4*p + 3*p. Let x be h(-2). Let w(t) = -4*t + 2. Give w(x).
-14
Suppose -3*z - z + g + 28 = 0, 2*z = -g + 8. Let n = z - 6. Let a(k) be the third derivative of -k**4/24 - k**3/6 + 6*k**2 + k. What is a(n)?
-1
Let a(f) be the first derivative of f**3/3 + 2*f**2 - f - 120. Calculate a(-6).
11
Let u(z) = -z**3 + 11*z**2 - 2*z + 16. Let b be u(11). Let q be ((-28)/b)/((-8)/(-12)). Let i(d) = 8*d - d**3 - q*d + 2*d**2 + 4*d**2. Calculate i(6).
6
Let z(d) = -d**3 - 11*d - 5*d**2 - 6*d + 1 + 15*d. Let l be z(-4). Let n(u) = -u**2 - 6*u + 7. What is n(l)?
0
Let l(j) = -13*j - 23. Let g(t) = 12*t + 15. Let h(x) = 3*g(x) + 2*l(x). Calculate h(1).
9
